{"id":11,"date":"2023-05-31T17:10:07","date_gmt":"2023-05-31T17:10:07","guid":{"rendered":"https:\/\/diocartago.innovapues.com\/?page_id=11"},"modified":"2023-10-02T17:41:25","modified_gmt":"2023-10-02T17:41:25","slug":"diocesis","status":"publish","type":"page","link":"https:\/\/diocesiscartago.org\/?page_id=11","title":{"rendered":"Di\u00f3cesis"},"content":{"rendered":"<div class=\"alert alert-warning\" role=\"alert\">\n<p><img  title=\"\" loading=\"lazy\" decoding=\"async\" class=\"size-medium wp-image-384 alignleft\" src=\"https:\/\/diocesiscartago.org\/wp-content\/uploads\/2023\/07\/img-gallery-18-225x300.jpeg\"  alt=\"img-gallery-18-225x300 Di\u00f3cesis\"  width=\"225\" height=\"300\" srcset=\"https:\/\/diocesiscartago.org\/wp-content\/uploads\/2023\/07\/img-gallery-18-225x300.jpeg 225w, https:\/\/diocesiscartago.org\/wp-content\/uploads\/2023\/07\/img-gallery-18-768x1024.jpeg 768w, https:\/\/diocesiscartago.org\/wp-content\/uploads\/2023\/07\/img-gallery-18-1152x1536.jpeg 1152w, https:\/\/diocesiscartago.org\/wp-content\/uploads\/2023\/07\/img-gallery-18.jpeg 1200w\" sizes=\"auto, (max-width: 225px) 100vw, 225px\" \/><\/p>\n<p>Bienvenidos a la Di\u00f3cesis de Cartago, ubicada en el norte del departamento del Valle del Cauca, en Colombia<\/p>\n<p>La Di\u00f3cesis fue creada por su Santidad Juan XXIII, por medio de la Bula Eclesiarum Omnium del 16 de marzo de 1962.<\/p>\n<p>El territorio tiene una superficie aproximada de 4000 Kms cuadrados, que fue segregado de la Di\u00f3cesis de Cali. El 26 de abril de 1962, el mismo Juan XXIII nombr\u00f3 como primer Obispo de la Di\u00f3cesis a Monse\u00f1or Jos\u00e9 Gabriel Calder\u00f3n, hasta entonces Obispo Auxiliar de Bogot\u00e1.<\/p>\n<p>La Di\u00f3cesis ha contado con la presencia de cuatro Obispos nombrados por el Santo Padre para el acompa\u00f1amiento del pueblo santo de Dios: Monse\u00f1or Jos\u00e9 Gabriel Calder\u00f3n Contreras, Monse\u00f1or Luis Madrid Merlano, Monse\u00f1or Jos\u00e9 Alejandro Casta\u00f1o Arbel\u00e1ez y Monse\u00f1or C\u00e9sar Alcides Balb\u00edn Tamayo. Tambi\u00e9n ha tenido dos administradores apost\u00f3licos: Monse\u00f1or Alberto Giraldo Jaramillo y Monse\u00f1or Jos\u00e9 Roberto Ospina Le\u00f3n G\u00f3mez<\/p>\n<\/div>\n","protected":false},"excerpt":{"rendered":"<p>Bienvenidos a la Di\u00f3cesis de Cartago, ubicada en el norte del departamento del Valle del Cauca, en Colombia La Di\u00f3cesis fue creada por su Santidad Juan XXIII, por medio de&hellip;<\/p>\n","protected":false},"author":1,"featured_media":0,"parent":0,"menu_order":0,"comment_status":"closed","ping_status":"closed","template":"","meta":{"footnotes":""},"class_list":["post-11","page","type-page","status-publish","hentry"],"_links":{"self":[{"href":"https:\/\/diocesiscartago.org\/index.php?rest_route=\/wp\/v2\/pages\/11","targetHints":{"allow":["GET"]}}],"collection":[{"href":"https:\/\/diocesiscartago.org\/index.php?rest_route=\/wp\/v2\/pages"}],"about":[{"href":"https:\/\/diocesiscartago.org\/index.php?rest_route=\/wp\/v2\/types\/page"}],"author":[{"embeddable":true,"href":"https:\/\/diocesiscartago.org\/index.php?rest_route=\/wp\/v2\/users\/1"}],"replies":[{"embeddable":true,"href":"https:\/\/diocesiscartago.org\/index.php?rest_route=%2Fwp%2Fv2%2Fcomments&post=11"}],"version-history":[{"count":7,"href":"https:\/\/diocesiscartago.org\/index.php?rest_route=\/wp\/v2\/pages\/11\/revisions"}],"predecessor-version":[{"id":534,"href":"https:\/\/diocesiscartago.org\/index.php?rest_route=\/wp\/v2\/pages\/11\/revisions\/534"}],"wp:attachment":[{"href":"https:\/\/diocesiscartago.org\/index.php?rest_route=%2Fwp%2Fv2%2Fmedia&parent=11"}],"curies":[{"name":"wp","href":"https:\/\/api.w.org\/{rel}","templated":true}]}}

Diócesis

<div class="alert alert-warning" role="alert">
<p><img  title="" loading="lazy" decoding="async" class="size-medium wp-image-384 alignleft" src="https://diocesiscartago.org/wp-content/uploads/2023/07/img-gallery-18-225x300.jpeg"  alt="img-gallery-18-225x300 Diócesis"  width="225" height="300" srcset="https://diocesiscartago.org/wp-content/uploads/2023/07/img-gallery-18-225x300.jpeg 225w, https://diocesiscartago.org/wp-content/uploads/2023/07/img-gallery-18-768x1024.jpeg 768w, https://diocesiscartago.org/wp-content/uploads/2023/07/img-gallery-18-1152x1536.jpeg 1152w, https://diocesiscartago.org/wp-content/uploads/2023/07/img-gallery-18.jpeg 1200w" sizes="auto, (max-width: 225px) 100vw, 225px" /></p>
<p>Bienvenidos a la Diócesis de Cartago, ubicada en el norte del departamento del Valle del Cauca, en Colombia</p>
<p>La Diócesis fue creada por su Santidad Juan XXIII, por medio de la Bula Eclesiarum Omnium del 16 de marzo de 1962.</p>
<p>El territorio tiene una superficie aproximada de 4000 Kms cuadrados, que fue segregado de la Diócesis de Cali. El 26 de abril de 1962, el mismo Juan XXIII nombró como primer Obispo de la Diócesis a Monseñor José Gabriel Calderón, hasta entonces Obispo Auxiliar de Bogotá.</p>
<p>La Diócesis ha contado con la presencia de cuatro Obispos nombrados por el Santo Padre para el acompañamiento del pueblo santo de Dios: Monseñor José Gabriel Calderón Contreras, Monseñor Luis Madrid Merlano, Monseñor José Alejandro Castaño Arbeláez y Monseñor César Alcides Balbín Tamayo. También ha tenido dos administradores apostólicos: Monseñor Alberto Giraldo Jaramillo y Monseñor José Roberto Ospina León Gómez</p>
</div>

<p>Bienvenidos a la Diócesis de Cartago, ubicada en el norte del departamento del Valle del Cauca, en Colombia La Diócesis fue creada por su Santidad Juan XXIII, por medio de&hellip;</p>
