{"id":155,"date":"2023-06-09T22:28:27","date_gmt":"2023-06-09T22:28:27","guid":{"rendered":"https:\/\/diocesiscartago.org\/?page_id=155"},"modified":"2023-06-14T22:02:34","modified_gmt":"2023-06-14T22:02:34","slug":"pastoral-sacerdotal-y-vocacional","status":"publish","type":"page","link":"https:\/\/diocesiscartago.org\/?page_id=155","title":{"rendered":"Pastoral Sacerdotal y Vocacional"},"content":{"rendered":"<p><img  title=\"\" decoding=\"async\" src=\"\/wp-content\/uploads\/2023\/06\/pastoral-sacerdotal-y-vocacional.jpg\"  alt=\"pastoral-sacerdotal-y-vocacional Pastoral Sacerdotal y Vocacional\"  class=\"rounded img-fluid w-100 mb-3\" \/><\/p>\n<p>La Pastoral Sacerdotal y Vocacional se enfoca en el cuidado, formaci\u00f3n y acompa\u00f1amiento de los sacerdotes, as\u00ed como en el discernimiento y fomento de las vocaciones al sacerdocio y a la vida consagrada. Busca el cuidado integral de los sacerdotes, brindando apoyo espiritual, emocional y formativo para vivir su ministerio plenamente. Tambi\u00e9n promueve la comuni\u00f3n entre ellos y atiende sus necesidades pastorales. <\/p>\n<p>En cuanto a la dimensi\u00f3n vocacional, se dedica al discernimiento y promoci\u00f3n de las vocaciones, acompa\u00f1ando a los j\u00f3venes en su proceso de discernimiento y ofreciendo espacios de formaci\u00f3n y orientaci\u00f3n. Colabora con familias, comunidades parroquiales y movimientos apost\u00f3licos para favorecer el surgimiento y desarrollo de vocaciones. La Pastoral Sacerdotal y Vocacional fortalece la vida sacerdotal, fomenta la respuesta vocacional y contribuye a la construcci\u00f3n de una Iglesia viva y comprometida.<\/p>\n","protected":false},"excerpt":{"rendered":"<p>La Pastoral Sacerdotal y Vocacional se enfoca en el cuidado, formaci\u00f3n y acompa\u00f1amiento de los sacerdotes, as\u00ed como en el discernimiento y fomento de las vocaciones al sacerdocio y a&hellip;<\/p>\n","protected":false},"author":1,"featured_media":0,"parent":15,"menu_order":0,"comment_status":"closed","ping_status":"closed","template":"","meta":{"footnotes":""},"class_list":["post-155","page","type-page","status-publish","hentry"],"_links":{"self":[{"href":"https:\/\/diocesiscartago.org\/index.php?rest_route=\/wp\/v2\/pages\/155","targetHints":{"allow":["GET"]}}],"collection":[{"href":"https:\/\/diocesiscartago.org\/index.php?rest_route=\/wp\/v2\/pages"}],"about":[{"href":"https:\/\/diocesiscartago.org\/index.php?rest_route=\/wp\/v2\/types\/page"}],"author":[{"embeddable":true,"href":"https:\/\/diocesiscartago.org\/index.php?rest_route=\/wp\/v2\/users\/1"}],"replies":[{"embeddable":true,"href":"https:\/\/diocesiscartago.org\/index.php?rest_route=%2Fwp%2Fv2%2Fcomments&post=155"}],"version-history":[{"count":7,"href":"https:\/\/diocesiscartago.org\/index.php?rest_route=\/wp\/v2\/pages\/155\/revisions"}],"predecessor-version":[{"id":244,"href":"https:\/\/diocesiscartago.org\/index.php?rest_route=\/wp\/v2\/pages\/155\/revisions\/244"}],"up":[{"embeddable":true,"href":"https:\/\/diocesiscartago.org\/index.php?rest_route=\/wp\/v2\/pages\/15"}],"wp:attachment":[{"href":"https:\/\/diocesiscartago.org\/index.php?rest_route=%2Fwp%2Fv2%2Fmedia&parent=155"}],"curies":[{"name":"wp","href":"https:\/\/api.w.org\/{rel}","templated":true}]}}

<p><img  title="" decoding="async" src="/wp-content/uploads/2023/06/pastoral-sacerdotal-y-vocacional.jpg"  alt="pastoral-sacerdotal-y-vocacional Pastoral Sacerdotal y Vocacional"  class="rounded img-fluid w-100 mb-3" /></p>
<p>La Pastoral Sacerdotal y Vocacional se enfoca en el cuidado, formación y acompañamiento de los sacerdotes, así como en el discernimiento y fomento de las vocaciones al sacerdocio y a la vida consagrada. Busca el cuidado integral de los sacerdotes, brindando apoyo espiritual, emocional y formativo para vivir su ministerio plenamente. También promueve la comunión entre ellos y atiende sus necesidades pastorales. </p>
<p>En cuanto a la dimensión vocacional, se dedica al discernimiento y promoción de las vocaciones, acompañando a los jóvenes en su proceso de discernimiento y ofreciendo espacios de formación y orientación. Colabora con familias, comunidades parroquiales y movimientos apostólicos para favorecer el surgimiento y desarrollo de vocaciones. La Pastoral Sacerdotal y Vocacional fortalece la vida sacerdotal, fomenta la respuesta vocacional y contribuye a la construcción de una Iglesia viva y comprometida.</p>

<p>La Pastoral Sacerdotal y Vocacional se enfoca en el cuidado, formación y acompañamiento de los sacerdotes, así como en el discernimiento y fomento de las vocaciones al sacerdocio y a&hellip;</p>
