{"id":163,"date":"2023-06-09T22:29:34","date_gmt":"2023-06-09T22:29:34","guid":{"rendered":"https:\/\/diocesiscartago.org\/?page_id=163"},"modified":"2023-06-15T13:57:47","modified_gmt":"2023-06-15T13:57:47","slug":"pastoral-educativa","status":"publish","type":"page","link":"https:\/\/diocesiscartago.org\/?page_id=163","title":{"rendered":"Pastoral Educativa"},"content":{"rendered":"<p><img  title=\"\" decoding=\"async\" src=\"\/wp-content\/uploads\/2023\/06\/pastoral-educativa-2023.jpg\"  alt=\"pastoral-educativa-2023 Pastoral Educativa\"  class=\"rounded img-fluid w-100 mb-3\" \/><\/p>\n<p>La Pastoral Educativa se refiere a las acciones y enfoques pastorales que se llevan a cabo en el \u00e1mbito de la educaci\u00f3n, especialmente en instituciones educativas de car\u00e1cter religioso. Su objetivo principal es brindar una formaci\u00f3n integral a los estudiantes, combinando aspectos acad\u00e9micos con valores \u00e9ticos y religiosos, promoviendo su crecimiento espiritual y moral.<\/p>\n<p>La Pastoral Educativa busca crear un ambiente educativo en el que los valores cristianos sean vividos y transmitidos de manera coherente. A trav\u00e9s de actividades pastorales como retiros, jornadas de reflexi\u00f3n, catequesis, celebraciones lit\u00fargicas y servicio comunitario, se fomenta el encuentro con Dios, la promoci\u00f3n de la justicia y la solidaridad, as\u00ed como el desarrollo de una conciencia cr\u00edtica y responsable en los estudiantes. Adem\u00e1s, la Pastoral Educativa colabora estrechamente con los docentes y el personal educativo, brindando orientaci\u00f3n y apoyo en la labor formativa y asistiendo en la pastoral de la comunidad educativa en su conjunto. En resumen, la Pastoral Educativa busca formar personas \u00edntegras, comprometidas con su fe y con los dem\u00e1s, en el contexto del proceso educativo.<\/p>\n","protected":false},"excerpt":{"rendered":"<p>La Pastoral Educativa se refiere a las acciones y enfoques pastorales que se llevan a cabo en el \u00e1mbito de la educaci\u00f3n, especialmente en instituciones educativas de car\u00e1cter religioso. Su&hellip;<\/p>\n","protected":false},"author":1,"featured_media":0,"parent":15,"menu_order":0,"comment_status":"closed","ping_status":"closed","template":"","meta":{"footnotes":""},"class_list":["post-163","page","type-page","status-publish","hentry"],"_links":{"self":[{"href":"https:\/\/diocesiscartago.org\/index.php?rest_route=\/wp\/v2\/pages\/163","targetHints":{"allow":["GET"]}}],"collection":[{"href":"https:\/\/diocesiscartago.org\/index.php?rest_route=\/wp\/v2\/pages"}],"about":[{"href":"https:\/\/diocesiscartago.org\/index.php?rest_route=\/wp\/v2\/types\/page"}],"author":[{"embeddable":true,"href":"https:\/\/diocesiscartago.org\/index.php?rest_route=\/wp\/v2\/users\/1"}],"replies":[{"embeddable":true,"href":"https:\/\/diocesiscartago.org\/index.php?rest_route=%2Fwp%2Fv2%2Fcomments&post=163"}],"version-history":[{"count":4,"href":"https:\/\/diocesiscartago.org\/index.php?rest_route=\/wp\/v2\/pages\/163\/revisions"}],"predecessor-version":[{"id":267,"href":"https:\/\/diocesiscartago.org\/index.php?rest_route=\/wp\/v2\/pages\/163\/revisions\/267"}],"up":[{"embeddable":true,"href":"https:\/\/diocesiscartago.org\/index.php?rest_route=\/wp\/v2\/pages\/15"}],"wp:attachment":[{"href":"https:\/\/diocesiscartago.org\/index.php?rest_route=%2Fwp%2Fv2%2Fmedia&parent=163"}],"curies":[{"name":"wp","href":"https:\/\/api.w.org\/{rel}","templated":true}]}}

<p><img  title="" decoding="async" src="/wp-content/uploads/2023/06/pastoral-educativa-2023.jpg"  alt="pastoral-educativa-2023 Pastoral Educativa"  class="rounded img-fluid w-100 mb-3" /></p>
<p>La Pastoral Educativa se refiere a las acciones y enfoques pastorales que se llevan a cabo en el ámbito de la educación, especialmente en instituciones educativas de carácter religioso. Su objetivo principal es brindar una formación integral a los estudiantes, combinando aspectos académicos con valores éticos y religiosos, promoviendo su crecimiento espiritual y moral.</p>
<p>La Pastoral Educativa busca crear un ambiente educativo en el que los valores cristianos sean vividos y transmitidos de manera coherente. A través de actividades pastorales como retiros, jornadas de reflexión, catequesis, celebraciones litúrgicas y servicio comunitario, se fomenta el encuentro con Dios, la promoción de la justicia y la solidaridad, así como el desarrollo de una conciencia crítica y responsable en los estudiantes. Además, la Pastoral Educativa colabora estrechamente con los docentes y el personal educativo, brindando orientación y apoyo en la labor formativa y asistiendo en la pastoral de la comunidad educativa en su conjunto. En resumen, la Pastoral Educativa busca formar personas íntegras, comprometidas con su fe y con los demás, en el contexto del proceso educativo.</p>

<p>La Pastoral Educativa se refiere a las acciones y enfoques pastorales que se llevan a cabo en el ámbito de la educación, especialmente en instituciones educativas de carácter religioso. Su&hellip;</p>
