{"id":60,"date":"2023-06-09T20:03:58","date_gmt":"2023-06-09T20:03:58","guid":{"rendered":"https:\/\/diocesiscartago.org\/?page_id=60"},"modified":"2023-09-01T18:45:24","modified_gmt":"2023-09-01T18:45:24","slug":"quienes-somos","status":"publish","type":"page","link":"https:\/\/diocesiscartago.org\/?page_id=60","title":{"rendered":"Quienes somos"},"content":{"rendered":"<div class=\"alert alert-warning\" role=\"alert\">\n<p>Nuestra Di\u00f3cesis de Cartago fue creada el 16 de Marzo de 1962 mediante la Bula \u201cSollicitudo Omnium\u201d por Su Santidad el Papa Juan XXIII.<\/p>\n<p>El anuncio fue dado por El Se\u00f1or Nuncio Jos\u00e9 Paupini en la misma ciudad de Cartago.<\/p>\n<p>Los preparativos para la llegada del Nuevo Obispo Diocesano comenzaron a organizarse y los dirigieron los dos \u00fanicos P\u00e1rrocos que ten\u00eda en aquel entonces la ciudad. El de San Jorge, el padre Tob\u00edas Henao y el de La Pobreza, el padre Salvador Cano.<\/p>\n<p><img  title=\"\" loading=\"lazy\" decoding=\"async\" class=\"size-medium wp-image-309 alignright\" src=\"https:\/\/diocesiscartago.org\/wp-content\/uploads\/2023\/06\/monsenior-jose-gabriel-225x300.jpeg\"  alt=\"monsenior-jose-gabriel-225x300 Quienes somos\"  width=\"225\" height=\"300\" srcset=\"https:\/\/diocesiscartago.org\/wp-content\/uploads\/2023\/06\/monsenior-jose-gabriel-225x300.jpeg 225w, https:\/\/diocesiscartago.org\/wp-content\/uploads\/2023\/06\/monsenior-jose-gabriel.jpeg 384w\" sizes=\"auto, (max-width: 225px) 100vw, 225px\" \/>Monse\u00f1or Jos\u00e9 Gabriel Calder\u00f3n, hasta ese entonces Obispo Auxiliar de Bogot\u00e1, fue nombrado como el Primer Obispo de la reci\u00e9n creada Di\u00f3cesis de Cartago.<\/p>\n<p>&nbsp;<\/p>\n<\/div>\n","protected":false},"excerpt":{"rendered":"<p>Nuestra Di\u00f3cesis de Cartago fue creada el 16 de Marzo de 1962 mediante la Bula \u201cSollicitudo Omnium\u201d por Su Santidad el Papa Juan XXIII. El anuncio fue dado por El&hellip;<\/p>\n","protected":false},"author":1,"featured_media":0,"parent":11,"menu_order":0,"comment_status":"closed","ping_status":"closed","template":"","meta":{"footnotes":""},"class_list":["post-60","page","type-page","status-publish","hentry"],"_links":{"self":[{"href":"https:\/\/diocesiscartago.org\/index.php?rest_route=\/wp\/v2\/pages\/60","targetHints":{"allow":["GET"]}}],"collection":[{"href":"https:\/\/diocesiscartago.org\/index.php?rest_route=\/wp\/v2\/pages"}],"about":[{"href":"https:\/\/diocesiscartago.org\/index.php?rest_route=\/wp\/v2\/types\/page"}],"author":[{"embeddable":true,"href":"https:\/\/diocesiscartago.org\/index.php?rest_route=\/wp\/v2\/users\/1"}],"replies":[{"embeddable":true,"href":"https:\/\/diocesiscartago.org\/index.php?rest_route=%2Fwp%2Fv2%2Fcomments&post=60"}],"version-history":[{"count":3,"href":"https:\/\/diocesiscartago.org\/index.php?rest_route=\/wp\/v2\/pages\/60\/revisions"}],"predecessor-version":[{"id":467,"href":"https:\/\/diocesiscartago.org\/index.php?rest_route=\/wp\/v2\/pages\/60\/revisions\/467"}],"up":[{"embeddable":true,"href":"https:\/\/diocesiscartago.org\/index.php?rest_route=\/wp\/v2\/pages\/11"}],"wp:attachment":[{"href":"https:\/\/diocesiscartago.org\/index.php?rest_route=%2Fwp%2Fv2%2Fmedia&parent=60"}],"curies":[{"name":"wp","href":"https:\/\/api.w.org\/{rel}","templated":true}]}}

<div class="alert alert-warning" role="alert">
<p>Nuestra Diócesis de Cartago fue creada el 16 de Marzo de 1962 mediante la Bula “Sollicitudo Omnium” por Su Santidad el Papa Juan XXIII.</p>
<p>El anuncio fue dado por El Señor Nuncio José Paupini en la misma ciudad de Cartago.</p>
<p>Los preparativos para la llegada del Nuevo Obispo Diocesano comenzaron a organizarse y los dirigieron los dos únicos Párrocos que tenía en aquel entonces la ciudad. El de San Jorge, el padre Tobías Henao y el de La Pobreza, el padre Salvador Cano.</p>
<p><img  title="" loading="lazy" decoding="async" class="size-medium wp-image-309 alignright" src="https://diocesiscartago.org/wp-content/uploads/2023/06/monsenior-jose-gabriel-225x300.jpeg"  alt="monsenior-jose-gabriel-225x300 Quienes somos"  width="225" height="300" srcset="https://diocesiscartago.org/wp-content/uploads/2023/06/monsenior-jose-gabriel-225x300.jpeg 225w, https://diocesiscartago.org/wp-content/uploads/2023/06/monsenior-jose-gabriel.jpeg 384w" sizes="auto, (max-width: 225px) 100vw, 225px" />Monseñor José Gabriel Calderón, hasta ese entonces Obispo Auxiliar de Bogotá, fue nombrado como el Primer Obispo de la recién creada Diócesis de Cartago.</p>
<p>&nbsp;</p>
</div>

<p>Nuestra Diócesis de Cartago fue creada el 16 de Marzo de 1962 mediante la Bula “Sollicitudo Omnium” por Su Santidad el Papa Juan XXIII. El anuncio fue dado por El&hellip;</p>
