{"id":77,"date":"2023-06-09T20:10:35","date_gmt":"2023-06-09T20:10:35","guid":{"rendered":"https:\/\/diocesiscartago.org\/?page_id=77"},"modified":"2025-06-14T04:22:59","modified_gmt":"2025-06-14T04:22:59","slug":"protecciondemenores","status":"publish","type":"page","link":"https:\/\/diocesiscartago.org\/?page_id=77","title":{"rendered":"Protecci\u00f3n de menores"},"content":{"rendered":"<p style=\"font-weight: 400;\">La Iglesia ha acogido la orden divina de cuidar la inocencia de los ni\u00f1os y la ley humana que defiende la integridad de los menores de edad y de cuantos a ellos se equiparan. Se asumen las normas existentes y se dan nuevas disposiciones legales para poner la Di\u00f3cesis de Cartago al d\u00eda en esta materia. Se da una divulgaci\u00f3n especial a estas disposiciones para que sean conocidas y asumidas por el personal vinculado a la evangelizaci\u00f3n, a la administraci\u00f3n y servicios en la Di\u00f3cesis. Todos han de afirmar su disposici\u00f3n de cumplirlas. Cada persona, no el superior o la instituci\u00f3n, ser\u00e1 responsable de sus actos.<\/p>\n<p style=\"font-weight: 400;\">Cada servidor de la Iglesia est\u00e1 llamado a ser ejemplo de vida cristiana y a llevar una vida acorde con su estado, de tal manera que sea \u201cluz del mundo\u201d y \u201csal de la tierra\u201d. Es justo hacer un reconocimiento a la gran mayor\u00eda de los eclesi\u00e1sticos que son fieles a sus promesas sacerdotales. Ellos son excelentes ap\u00f3stoles de los ni\u00f1os y se ganan la confianza de la comunidad.<\/p>\n<p>La raz\u00f3n de ser de esta oficina, adem\u00e1s de cumplir la ley can\u00f3nica como de la legislaci\u00f3n civil, es promover el conjunto m\u00e1s amplio y eficaz posible de actuaciones y mecanismos en nuestra Di\u00f3cesis de Cartago encaminados a la protecci\u00f3n del menor y las personas vulnerables equiparadas.<\/p>\n<p>El primer paso, y muy probablemente el m\u00e1s determinante, es mantener una actitud abierta y activa de escucha y contar con un canal de recepci\u00f3n de la informaci\u00f3n para la puesta en conocimiento y denuncia de hechos que pudieran ser constitutivos de abuso o acoso sexual contra menores y personas vulnerables.<\/p>\n<p>&nbsp;<\/p>\n<ul style=\"list-style-type: square;\">\n<li><strong>Organismos Existentes en la Di\u00f3cesis de Cartago:<\/strong> Delegaci\u00f3n Diocesana para la protecci\u00f3n de menores y personas en condici\u00f3n de vulnerabilidad. Responsable: Pbro. Hebert Humberto Garavito Cardona.<\/li>\n<li><strong>Fecha de Constituci\u00f3n: <\/strong>12 de agosto de 2019.<\/li>\n<li><strong>Decreto de Constituci\u00f3n o Nombramiento:<\/strong> Decreto 288, dado por SE. Jos\u00e9 Alejandro Casta\u00f1o Arbel\u00e1ez.<\/li>\n<li><strong>Datos de Contacto de los organismos existentes:<\/strong><\/li>\n<\/ul>\n<ul style=\"list-style-type: circle;\">\n<li>OFICINA DIOCESANA PARA LA PROTECCI\u00d3N A MENORES DE EDAD Y PERSONAS VULNERABLES.<\/li>\n<li>Curia Diocesana: Cra. 5 # 13-87<\/li>\n<li>E-mail: cuidadoyproteccioncartago@gmail.com<\/li>\n<li>Tel\u00e9fonos: (602) 2143414<\/li>\n<li>Tel\u00e9fono celular: 3160180653<\/li>\n<li>Cartago, Valle del Cauca, Colombia<\/li>\n<\/ul>\n<p>&nbsp;<\/p>\n<ul style=\"list-style-type: disc;\">\n<li><span style=\"font-size: 18pt; color: #800000;\"><strong>Documentos<\/strong><\/span><\/li>\n<\/ul>\n<ul style=\"list-style-type: circle;\">\n<li><strong>Motu Proprio del Papa Francisco<\/strong><\/li>\n<\/ul>\n<p><a href=\"https:\/\/www.vatican.va\/content\/francesco\/es\/motu_proprio\/documents\/20230325-motu-proprio-vos-estis-lux-mundi-aggiornato.html\">Motu proprio del Papa Francisco Vos estis lux mundi<\/a><\/p>\n<ul style=\"list-style-type: circle;\">\n<li><strong>Documento de la Iglesia Cat\u00f3lica colombiana<\/strong><\/li>\n<\/ul>\n<p><a href=\"https:\/\/diocesiscartago.org\/wp-content\/uploads\/2023\/11\/CULTURA-DEL-CUIDADO-EN-LA-IGLESIA-CATOLICA-COLOMBIANA-LINEAS-GUIA-CEC-15-DE-AGOSTO-2022.pdf\">CULTURA DEL CUIDADO EN LA IGLESIA CATO\u0301LICA COLOMBIANA LI\u0301NEAS GUI\u0301A CEC 15 DE AGOSTO 2022<\/a><\/p>\n<ul style=\"list-style-type: circle;\">\n<li><strong>Manual diocesano sobre la cultura del cuidado a\u00f1o 2014<\/strong><\/li>\n<\/ul>\n<p><a href=\"https:\/\/diocesiscartago.org\/wp-content\/uploads\/2024\/09\/Manual-para-la-proteccion-de-ninos-ninas-y-adolescentes.doc-1.pdf\">Manual-para-la-proteccion-de-ninos-ninas-y-adolescentes.doc (1)<\/a><\/p>\n<ul style=\"list-style-type: circle;\">\n<li><strong>Manual diocesano sobre la cultura del cuidado a\u00f1o 2024<\/strong><\/li>\n<\/ul>\n<p><a href=\"https:\/\/acrobat.adobe.com\/id\/urn:aaid:sc:US:a63d4c90-d9fb-436c-92bc-409771783550\">https:\/\/acrobat.adobe.com\/id\/urn:aaid:sc:US:a63d4c90-d9fb-436c-92bc-409771783550<\/a><\/p>\n<ul style=\"list-style-type: circle;\">\n<li><strong>Instructivo resumen del Manual diocesano<\/strong><\/li>\n<\/ul>\n<p><a href=\"https:\/\/acrobat.adobe.com\/id\/urn:aaid:sc:US:4667b6fe-c4ec-4d0f-bfbb-5e82e6fc58bc\">https:\/\/acrobat.adobe.com\/id\/urn:aaid:sc:US:4667b6fe-c4ec-4d0f-bfbb-5e82e6fc58bc<\/a><\/p>\n<ul style=\"list-style-type: disc;\">\n<li><strong>DECRETO DELEGACIO PROTECCION MENORES Y PERSONAS VULNERABLES 927 marzo de 2025<\/strong><\/li>\n<\/ul>\n<p><a href=\"https:\/\/diocesiscartago.org\/wp-content\/uploads\/2025\/06\/DECRETO-DELEGACIO-PROTECCION-MENORES-Y-PERSONAS-VULNERABLES-927.pdf\">DECRETO DELEGACIO PROTECCION MENORES Y PERSONAS VULNERABLES 927<\/a><\/p>\n<ul style=\"list-style-type: disc;\">\n<li><span style=\"color: #800000;\"><strong><span style=\"font-size: 18pt;\">Correo<\/span><\/strong><\/span><\/li>\n<\/ul>\n<p><strong>cuidadoyproteccioncartago@gmail.com<\/strong><\/p>\n","protected":false},"excerpt":{"rendered":"<p>La Iglesia ha acogido la orden divina de cuidar la inocencia de los ni\u00f1os y la ley humana que defiende la integridad de los menores de edad y de cuantos&hellip;<\/p>\n","protected":false},"author":1,"featured_media":0,"parent":11,"menu_order":0,"comment_status":"closed","ping_status":"closed","template":"","meta":{"footnotes":""},"class_list":["post-77","page","type-page","status-publish","hentry"],"_links":{"self":[{"href":"https:\/\/diocesiscartago.org\/index.php?rest_route=\/wp\/v2\/pages\/77","targetHints":{"allow":["GET"]}}],"collection":[{"href":"https:\/\/diocesiscartago.org\/index.php?rest_route=\/wp\/v2\/pages"}],"about":[{"href":"https:\/\/diocesiscartago.org\/index.php?rest_route=\/wp\/v2\/types\/page"}],"author":[{"embeddable":true,"href":"https:\/\/diocesiscartago.org\/index.php?rest_route=\/wp\/v2\/users\/1"}],"replies":[{"embeddable":true,"href":"https:\/\/diocesiscartago.org\/index.php?rest_route=%2Fwp%2Fv2%2Fcomments&post=77"}],"version-history":[{"count":35,"href":"https:\/\/diocesiscartago.org\/index.php?rest_route=\/wp\/v2\/pages\/77\/revisions"}],"predecessor-version":[{"id":1224,"href":"https:\/\/diocesiscartago.org\/index.php?rest_route=\/wp\/v2\/pages\/77\/revisions\/1224"}],"up":[{"embeddable":true,"href":"https:\/\/diocesiscartago.org\/index.php?rest_route=\/wp\/v2\/pages\/11"}],"wp:attachment":[{"href":"https:\/\/diocesiscartago.org\/index.php?rest_route=%2Fwp%2Fv2%2Fmedia&parent=77"}],"curies":[{"name":"wp","href":"https:\/\/api.w.org\/{rel}","templated":true}]}}

Protección de menores

<p style="font-weight: 400;">La Iglesia ha acogido la orden divina de cuidar la inocencia de los niños y la ley humana que defiende la integridad de los menores de edad y de cuantos a ellos se equiparan. Se asumen las normas existentes y se dan nuevas disposiciones legales para poner la Diócesis de Cartago al día en esta materia. Se da una divulgación especial a estas disposiciones para que sean conocidas y asumidas por el personal vinculado a la evangelización, a la administración y servicios en la Diócesis. Todos han de afirmar su disposición de cumplirlas. Cada persona, no el superior o la institución, será responsable de sus actos.</p>
<p style="font-weight: 400;">Cada servidor de la Iglesia está llamado a ser ejemplo de vida cristiana y a llevar una vida acorde con su estado, de tal manera que sea “luz del mundo” y “sal de la tierra”. Es justo hacer un reconocimiento a la gran mayoría de los eclesiásticos que son fieles a sus promesas sacerdotales. Ellos son excelentes apóstoles de los niños y se ganan la confianza de la comunidad.</p>
<p>La razón de ser de esta oficina, además de cumplir la ley canónica como de la legislación civil, es promover el conjunto más amplio y eficaz posible de actuaciones y mecanismos en nuestra Diócesis de Cartago encaminados a la protección del menor y las personas vulnerables equiparadas.</p>
<p>El primer paso, y muy probablemente el más determinante, es mantener una actitud abierta y activa de escucha y contar con un canal de recepción de la información para la puesta en conocimiento y denuncia de hechos que pudieran ser constitutivos de abuso o acoso sexual contra menores y personas vulnerables.</p>
<p>&nbsp;</p>
<ul style="list-style-type: square;">
<li><strong>Organismos Existentes en la Diócesis de Cartago:</strong> Delegación Diocesana para la protección de menores y personas en condición de vulnerabilidad. Responsable: Pbro. Hebert Humberto Garavito Cardona.</li>
<li><strong>Fecha de Constitución: </strong>12 de agosto de 2019.</li>
<li><strong>Decreto de Constitución o Nombramiento:</strong> Decreto 288, dado por SE. José Alejandro Castaño Arbeláez.</li>
<li><strong>Datos de Contacto de los organismos existentes:</strong></li>
</ul>
<ul style="list-style-type: circle;">
<li>OFICINA DIOCESANA PARA LA PROTECCIÓN A MENORES DE EDAD Y PERSONAS VULNERABLES.</li>
<li>Curia Diocesana: Cra. 5 # 13-87</li>
<li>E-mail: cuidadoyproteccioncartago@gmail.com</li>
<li>Teléfonos: (602) 2143414</li>
<li>Teléfono celular: 3160180653</li>
<li>Cartago, Valle del Cauca, Colombia</li>
</ul>
<p>&nbsp;</p>
<ul style="list-style-type: disc;">
<li><span style="font-size: 18pt; color: #800000;"><strong>Documentos</strong></span></li>
</ul>
<ul style="list-style-type: circle;">
<li><strong>Motu Proprio del Papa Francisco</strong></li>
</ul>
<p><a href="https://www.vatican.va/content/francesco/es/motu_proprio/documents/20230325-motu-proprio-vos-estis-lux-mundi-aggiornato.html">Motu proprio del Papa Francisco Vos estis lux mundi</a></p>
<ul style="list-style-type: circle;">
<li><strong>Documento de la Iglesia Católica colombiana</strong></li>
</ul>
<p><a href="https://diocesiscartago.org/wp-content/uploads/2023/11/CULTURA-DEL-CUIDADO-EN-LA-IGLESIA-CATOLICA-COLOMBIANA-LINEAS-GUIA-CEC-15-DE-AGOSTO-2022.pdf">CULTURA DEL CUIDADO EN LA IGLESIA CATÓLICA COLOMBIANA LÍNEAS GUÍA CEC 15 DE AGOSTO 2022</a></p>
<ul style="list-style-type: circle;">
<li><strong>Manual diocesano sobre la cultura del cuidado año 2014</strong></li>
</ul>
<p><a href="https://diocesiscartago.org/wp-content/uploads/2024/09/Manual-para-la-proteccion-de-ninos-ninas-y-adolescentes.doc-1.pdf">Manual-para-la-proteccion-de-ninos-ninas-y-adolescentes.doc (1)</a></p>
<ul style="list-style-type: circle;">
<li><strong>Manual diocesano sobre la cultura del cuidado año 2024</strong></li>
</ul>
<p><a href="https://acrobat.adobe.com/id/urn:aaid:sc:US:a63d4c90-d9fb-436c-92bc-409771783550">https://acrobat.adobe.com/id/urn:aaid:sc:US:a63d4c90-d9fb-436c-92bc-409771783550</a></p>
<ul style="list-style-type: circle;">
<li><strong>Instructivo resumen del Manual diocesano</strong></li>
</ul>
<p><a href="https://acrobat.adobe.com/id/urn:aaid:sc:US:4667b6fe-c4ec-4d0f-bfbb-5e82e6fc58bc">https://acrobat.adobe.com/id/urn:aaid:sc:US:4667b6fe-c4ec-4d0f-bfbb-5e82e6fc58bc</a></p>
<ul style="list-style-type: disc;">
<li><strong>DECRETO DELEGACIO PROTECCION MENORES Y PERSONAS VULNERABLES 927 marzo de 2025</strong></li>
</ul>
<p><a href="https://diocesiscartago.org/wp-content/uploads/2025/06/DECRETO-DELEGACIO-PROTECCION-MENORES-Y-PERSONAS-VULNERABLES-927.pdf">DECRETO DELEGACIO PROTECCION MENORES Y PERSONAS VULNERABLES 927</a></p>
<ul style="list-style-type: disc;">
<li><span style="color: #800000;"><strong><span style="font-size: 18pt;">Correo</span></strong></span></li>
</ul>
<p><strong>cuidadoyproteccioncartago@gmail.com</strong></p>

<p>La Iglesia ha acogido la orden divina de cuidar la inocencia de los niños y la ley humana que defiende la integridad de los menores de edad y de cuantos&hellip;</p>
