{"id":87,"date":"2023-06-09T20:18:25","date_gmt":"2023-06-09T20:18:25","guid":{"rendered":"https:\/\/diocesiscartago.org\/?page_id=87"},"modified":"2026-03-17T16:05:59","modified_gmt":"2026-03-17T16:05:59","slug":"datos-generales","status":"publish","type":"page","link":"https:\/\/diocesiscartago.org\/?page_id=87","title":{"rendered":"Datos generales"},"content":{"rendered":"<div class=\"alert alert-warning\" role=\"alert\">\n<h4 class=\"font-bold text-[18px] my-3 text-[#231F20]\">Datos generales<\/h4>\n<div class=\"font-normal text-[#1d1d1d] text-[14px]\">\n<div class=\"mb-10\">\n<h1 class=\"hidden sm:block font-bold text-[21px] text-[#231F20]\">Monse\u00f1or C\u00c9SAR ALCIDES BALB\u00cdN TAMAYO<\/h1>\n<\/div>\n<div class=\"my-6\">\n<h4 class=\"font-bold text-[18px] my-3 text-[#231F20]\">Datos de contacto<\/h4>\n<div class=\"font-normal text-[#1d1d1d] text-[14px]\"><a class=\"font-normal text-[14px] cursor-pointer text-[#3fa9f5] underline\" href=\"https:\/\/www.cec.org.co\/jurisdicciones\/di%C3%B3cesis\/di%C3%B3cesis-de-cartago\">Di\u00f3cesis de Cartago<\/a><\/div>\n<div class=\"font-normal text-[#1d1d1d] text-[14px]\">Provincia eclesi\u00e1stica de Cali<\/div>\n<div class=\"font-normal text-[#1d1d1d] text-[14px]\">Direcci\u00f3n: Carrera 5\u00aa N\u00ba 13-87 &#8211; Cartago (Valle)<\/div>\n<div class=\"font-normal text-[#1d1d1d] text-[14px]\">Tel\u00e9fono: 602 2143414<\/div>\n<div class=\"font-normal text-[#1d1d1d] text-[14px]\">Email: obispo@diocesiscartago.org<\/div>\n<div class=\"font-normal text-[#1d1d1d] text-[14px]\">Sitio Web:\u00a0<a id=\"externalLink\" class=\"font-normal text-[14px] cursor-pointer text-[#3fa9f5] underline\" href=\"http:\/\/diocesiscartago.org\/\" target=\"_blank\" rel=\"noopener\">http:\/\/diocesiscartago.org\/<\/a><\/div>\n<\/div>\n<div class=\"my-6\">\n<h4 class=\"font-bold text-[18px] my-3 text-[#231F20]\">Datos generales<\/h4>\n<div class=\"font-normal text-[#1d1d1d] text-[14px]\">Nacimiento: 1958-09-08<\/div>\n<div class=\"font-normal text-[#1d1d1d] text-[14px]\">Ordenaci\u00f3n Sacerdotal: 1985-11-19<\/div>\n<div class=\"font-normal text-[#1d1d1d] text-[14px]\">Ordenaci\u00f3n Episcopal: 2015-03-07<\/div>\n<\/div>\n<div>\n<h4 class=\"font-bold text-[18px] my-3 text-[#231F20]\">Biograf\u00eda:<\/h4>\n<div class=\"font-normal text-[#1d1d1d] text-[14px]\">\n<p>Monse\u00f1or C\u00e9sar Alcides Balb\u00edn naci\u00f3 el 8 de Septiembre de 1958 en Santa Rosa de Osos.<\/p>\n<p>&nbsp;<\/p>\n<p>Adelant\u00f3 los estudios de primaria en el Colegio Cardenal An\u00edbal Mu\u00f1oz Duque de su pueblo natal; luego ingres\u00f3 al Seminario Mayor Diocesano Santo Tom\u00e1s de Aquino de Santa Rosa de Osos, donde frecuent\u00f3 los cursos de filosof\u00eda y teolog\u00eda (1979-1985). Despu\u00e9s de su ordenaci\u00f3n sacerdotal, obtuvo la Licencia en Teolog\u00eda Moral en Roma (1994); tambi\u00e9n alcanz\u00f3 la Licenciatura en filosof\u00eda y educaci\u00f3n religiosa en la Universidad Cat\u00f3lica de Oriente (1998) y un Master en\u00a0<em>business administration<\/em>\u00a0en la Escuela de Administraci\u00f3n de Empresas de Barcelona (Espa\u00f1a).<\/p>\n<p>&nbsp;<\/p>\n<p>Fue ordenado sacerdote el 19 de noviembre de 1985, incardin\u00e1ndose a la Di\u00f3cesis de Santa Rosa de Osos.<\/p>\n<p>&nbsp;<\/p>\n<p>Durante su ministerio sacerdotal ha tenido los siguientes cargos:<\/p>\n<ul>\n<li>Vicario parroquial en San Luis Gonzaga &#8211; Anor\u00ed (1986-1987);<\/li>\n<li>Vicario parroquial en la Asunci\u00f3n &#8211; Sopetr\u00e1n (1986);<\/li>\n<li>Vicario parroquial en Nuestra Se\u00f1ora de los Dolores &#8211; Taraz\u00e1 (1988);<\/li>\n<li>Vicario parroquial en Nuestra Se\u00f1ora de las Mercedes &#8211; Yarumal (1988);<\/li>\n<li>Rector del Seminario Menor Miguel Angel Builes (1989 &#8211; 1993);<\/li>\n<li>Rector del Seminario Mayor Santo Tom\u00e1s de Aquino (1996-1999);<\/li>\n<li>Gerente de la Cooperativa Fraternidad Sacerdotal (2000 &#8211; 2004);<\/li>\n<li>S\u00edndico del Mutuo Auxilio Sacerdotal &#8211; Conferencia Episcopal de Colombia (CEC) (2005 &#8211; 2014);<\/li>\n<li>Director Financiero de la Conferencia Episcopal de Colombia (2005-2014);<\/li>\n<li>P\u00e1rroco en la Parroquia de Santa B\u00e1rbara en Bellavista &#8211; Di\u00f3cesis de Santa Rosa de Osos (2014-2015);<\/li>\n<\/ul>\n<p>&nbsp;<\/p>\n<p>Fue nombrado por el Papa Francisco como obispo de la Di\u00f3cesis de Caldas, el 28 de Enero de 2015. Fue ordenado obispo el 7 de Marzo de 2015. El 19 de marzo del mismo a\u00f1o tom\u00f3 posesi\u00f3n can\u00f3nica de la sede asignada.<\/p>\n<p>&nbsp;<\/p>\n<p>El 18 de octubre de 2021 es nombrado por el Papa Francisco como obispo de la Di\u00f3cesis de Cartago, tomando posesi\u00f3n del cargo el 9 de diciembre de 2021.<\/p>\n<\/div>\n<\/div>\n<\/div>\n<\/div>\n","protected":false},"excerpt":{"rendered":"<p>Datos generales Monse\u00f1or C\u00c9SAR ALCIDES BALB\u00cdN TAMAYO Datos de contacto Di\u00f3cesis de Cartago Provincia eclesi\u00e1stica de Cali Direcci\u00f3n: Carrera 5\u00aa N\u00ba 13-87 &#8211; Cartago (Valle) Tel\u00e9fono: 602 2143414 Email: obispo@diocesiscartago.org&hellip;<\/p>\n","protected":false},"author":1,"featured_media":0,"parent":13,"menu_order":0,"comment_status":"closed","ping_status":"closed","template":"","meta":{"footnotes":""},"class_list":["post-87","page","type-page","status-publish","hentry"],"_links":{"self":[{"href":"https:\/\/diocesiscartago.org\/index.php?rest_route=\/wp\/v2\/pages\/87","targetHints":{"allow":["GET"]}}],"collection":[{"href":"https:\/\/diocesiscartago.org\/index.php?rest_route=\/wp\/v2\/pages"}],"about":[{"href":"https:\/\/diocesiscartago.org\/index.php?rest_route=\/wp\/v2\/types\/page"}],"author":[{"embeddable":true,"href":"https:\/\/diocesiscartago.org\/index.php?rest_route=\/wp\/v2\/users\/1"}],"replies":[{"embeddable":true,"href":"https:\/\/diocesiscartago.org\/index.php?rest_route=%2Fwp%2Fv2%2Fcomments&post=87"}],"version-history":[{"count":5,"href":"https:\/\/diocesiscartago.org\/index.php?rest_route=\/wp\/v2\/pages\/87\/revisions"}],"predecessor-version":[{"id":1505,"href":"https:\/\/diocesiscartago.org\/index.php?rest_route=\/wp\/v2\/pages\/87\/revisions\/1505"}],"up":[{"embeddable":true,"href":"https:\/\/diocesiscartago.org\/index.php?rest_route=\/wp\/v2\/pages\/13"}],"wp:attachment":[{"href":"https:\/\/diocesiscartago.org\/index.php?rest_route=%2Fwp%2Fv2%2Fmedia&parent=87"}],"curies":[{"name":"wp","href":"https:\/\/api.w.org\/{rel}","templated":true}]}}

<div class="alert alert-warning" role="alert">
<h4 class="font-bold text-[18px] my-3 text-[#231F20]">Datos generales</h4>
<div class="font-normal text-[#1d1d1d] text-[14px]">
<div class="mb-10">
<h1 class="hidden sm:block font-bold text-[21px] text-[#231F20]">Monseñor CÉSAR ALCIDES BALBÍN TAMAYO</h1>
</div>
<div class="my-6">
<h4 class="font-bold text-[18px] my-3 text-[#231F20]">Datos de contacto</h4>
<div class="font-normal text-[#1d1d1d] text-[14px]"><a class="font-normal text-[14px] cursor-pointer text-[#3fa9f5] underline" href="https://www.cec.org.co/jurisdicciones/di%C3%B3cesis/di%C3%B3cesis-de-cartago">Diócesis de Cartago</a></div>
<div class="font-normal text-[#1d1d1d] text-[14px]">Provincia eclesiástica de Cali</div>
<div class="font-normal text-[#1d1d1d] text-[14px]">Dirección: Carrera 5ª Nº 13-87 &#8211; Cartago (Valle)</div>
<div class="font-normal text-[#1d1d1d] text-[14px]">Teléfono: 602 2143414</div>
<div class="font-normal text-[#1d1d1d] text-[14px]">Email: obispo@diocesiscartago.org</div>
<div class="font-normal text-[#1d1d1d] text-[14px]">Sitio Web: <a id="externalLink" class="font-normal text-[14px] cursor-pointer text-[#3fa9f5] underline" href="http://diocesiscartago.org/" target="_blank" rel="noopener">http://diocesiscartago.org/</a></div>
</div>
<div class="my-6">
<h4 class="font-bold text-[18px] my-3 text-[#231F20]">Datos generales</h4>
<div class="font-normal text-[#1d1d1d] text-[14px]">Nacimiento: 1958-09-08</div>
<div class="font-normal text-[#1d1d1d] text-[14px]">Ordenación Sacerdotal: 1985-11-19</div>
<div class="font-normal text-[#1d1d1d] text-[14px]">Ordenación Episcopal: 2015-03-07</div>
</div>
<div>
<h4 class="font-bold text-[18px] my-3 text-[#231F20]">Biografía:</h4>
<div class="font-normal text-[#1d1d1d] text-[14px]">
<p>Monseñor César Alcides Balbín nació el 8 de Septiembre de 1958 en Santa Rosa de Osos.</p>
<p>&nbsp;</p>
<p>Adelantó los estudios de primaria en el Colegio Cardenal Aníbal Muñoz Duque de su pueblo natal; luego ingresó al Seminario Mayor Diocesano Santo Tomás de Aquino de Santa Rosa de Osos, donde frecuentó los cursos de filosofía y teología (1979-1985). Después de su ordenación sacerdotal, obtuvo la Licencia en Teología Moral en Roma (1994); también alcanzó la Licenciatura en filosofía y educación religiosa en la Universidad Católica de Oriente (1998) y un Master en <em>business administration</em> en la Escuela de Administración de Empresas de Barcelona (España).</p>
<p>&nbsp;</p>
<p>Fue ordenado sacerdote el 19 de noviembre de 1985, incardinándose a la Diócesis de Santa Rosa de Osos.</p>
<p>&nbsp;</p>
<p>Durante su ministerio sacerdotal ha tenido los siguientes cargos:</p>
<ul>
<li>Vicario parroquial en San Luis Gonzaga &#8211; Anorí (1986-1987);</li>
<li>Vicario parroquial en la Asunción &#8211; Sopetrán (1986);</li>
<li>Vicario parroquial en Nuestra Señora de los Dolores &#8211; Tarazá (1988);</li>
<li>Vicario parroquial en Nuestra Señora de las Mercedes &#8211; Yarumal (1988);</li>
<li>Rector del Seminario Menor Miguel Angel Builes (1989 &#8211; 1993);</li>
<li>Rector del Seminario Mayor Santo Tomás de Aquino (1996-1999);</li>
<li>Gerente de la Cooperativa Fraternidad Sacerdotal (2000 &#8211; 2004);</li>
<li>Síndico del Mutuo Auxilio Sacerdotal &#8211; Conferencia Episcopal de Colombia (CEC) (2005 &#8211; 2014);</li>
<li>Director Financiero de la Conferencia Episcopal de Colombia (2005-2014);</li>
<li>Párroco en la Parroquia de Santa Bárbara en Bellavista &#8211; Diócesis de Santa Rosa de Osos (2014-2015);</li>
</ul>
<p>&nbsp;</p>
<p>Fue nombrado por el Papa Francisco como obispo de la Diócesis de Caldas, el 28 de Enero de 2015. Fue ordenado obispo el 7 de Marzo de 2015. El 19 de marzo del mismo año tomó posesión canónica de la sede asignada.</p>
<p>&nbsp;</p>
<p>El 18 de octubre de 2021 es nombrado por el Papa Francisco como obispo de la Diócesis de Cartago, tomando posesión del cargo el 9 de diciembre de 2021.</p>
</div>
</div>
</div>
</div>

<p>Datos generales Monseñor CÉSAR ALCIDES BALBÍN TAMAYO Datos de contacto Diócesis de Cartago Provincia eclesiástica de Cali Dirección: Carrera 5ª Nº 13-87 &#8211; Cartago (Valle) Teléfono: 602 2143414 Email: obispo@diocesiscartago.org&hellip;</p>
