{"id":93,"date":"2023-06-09T20:19:12","date_gmt":"2023-06-09T20:19:12","guid":{"rendered":"https:\/\/diocesiscartago.org\/?page_id=93"},"modified":"2023-10-02T19:31:09","modified_gmt":"2023-10-02T19:31:09","slug":"visitas-pastorales","status":"publish","type":"page","link":"https:\/\/diocesiscartago.org\/?page_id=93","title":{"rendered":"Visitas Pastorales"},"content":{"rendered":"<div class=\"alert alert-warning\" role=\"alert\">\n<table style=\"border-collapse: collapse; width: 100%;\">\n<tbody>\n<tr>\n<td style=\"width: 100%;\">Visita del Se\u00f1or Obispo a la Parroquia San Jos\u00e9 del corregimiento de Villanueva en el mes de febrero de 2023<\/td>\n<\/tr>\n<tr>\n<td style=\"width: 100%;\"><img  title=\"\" loading=\"lazy\" decoding=\"async\" class=\"alignnone size-thumbnail wp-image-577\" src=\"https:\/\/diocesiscartago.org\/wp-content\/uploads\/2023\/10\/332889704_695746659010745_393013244436921115_n-150x150.jpg\"  alt=\"332889704_695746659010745_393013244436921115_n-150x150 Visitas Pastorales\"  width=\"150\" height=\"150\" \/> <img  title=\"\" loading=\"lazy\" decoding=\"async\" class=\"alignnone size-thumbnail wp-image-578\" src=\"https:\/\/diocesiscartago.org\/wp-content\/uploads\/2023\/10\/333090229_1012071793107197_318494894801589790_n-150x150.jpg\"  alt=\"333090229_1012071793107197_318494894801589790_n-150x150 Visitas Pastorales\"  width=\"150\" height=\"150\" \/> <img  title=\"\" loading=\"lazy\" decoding=\"async\" class=\"alignnone size-thumbnail wp-image-579\" src=\"https:\/\/diocesiscartago.org\/wp-content\/uploads\/2023\/10\/333301661_3434995640155641_1947739825218181146_n-150x150.jpg\"  alt=\"333301661_3434995640155641_1947739825218181146_n-150x150 Visitas Pastorales\"  width=\"150\" height=\"150\" \/> <img  title=\"\" loading=\"lazy\" decoding=\"async\" class=\"alignnone size-thumbnail wp-image-580\" src=\"https:\/\/diocesiscartago.org\/wp-content\/uploads\/2023\/10\/332929966_1535494553646376_3392532685639065256_n-150x150.jpg\"  alt=\"332929966_1535494553646376_3392532685639065256_n-150x150 Visitas Pastorales\"  width=\"150\" height=\"150\" \/><\/td>\n<\/tr>\n<tr>\n<td style=\"width: 100%;\">Visita del Se\u00f1or Obispo a la Parroquia Sagrada Familia de Cartago en el mes de marzo de 2023<\/td>\n<\/tr>\n<tr>\n<td style=\"width: 100%;\"><img  title=\"\" loading=\"lazy\" decoding=\"async\" class=\"alignnone size-thumbnail wp-image-571\" src=\"https:\/\/diocesiscartago.org\/wp-content\/uploads\/2023\/10\/334411443_8735805849828044_7575073539251966439_n-150x150.jpg\"  alt=\"334411443_8735805849828044_7575073539251966439_n-150x150 Visitas Pastorales\"  width=\"150\" height=\"150\" \/><img  title=\"\" loading=\"lazy\" decoding=\"async\" class=\"alignnone size-thumbnail wp-image-572\" src=\"https:\/\/diocesiscartago.org\/wp-content\/uploads\/2023\/10\/330583633_1159413401422168_1942849199893088704_n-150x150.jpg\"  alt=\"330583633_1159413401422168_1942849199893088704_n-150x150 Visitas Pastorales\"  width=\"150\" height=\"150\" \/><img  title=\"\" loading=\"lazy\" decoding=\"async\" class=\"alignnone size-thumbnail wp-image-574\" src=\"https:\/\/diocesiscartago.org\/wp-content\/uploads\/2023\/10\/330341261_552200783675927_4920401377876307748_n-150x150.jpg\"  alt=\"330341261_552200783675927_4920401377876307748_n-150x150 Visitas Pastorales\"  width=\"150\" height=\"150\" \/><img  title=\"\" loading=\"lazy\" decoding=\"async\" class=\"alignnone size-thumbnail wp-image-573\" src=\"https:\/\/diocesiscartago.org\/wp-content\/uploads\/2023\/10\/334705040_516264167123928_501520453582184188_n-150x150.jpg\"  alt=\"334705040_516264167123928_501520453582184188_n-150x150 Visitas Pastorales\"  width=\"150\" height=\"150\" \/><\/td>\n<\/tr>\n<tr>\n<td style=\"width: 100%;\"><\/td>\n<\/tr>\n<tr>\n<td style=\"width: 100%;\"><\/td>\n<\/tr>\n<tr>\n<td style=\"width: 100%;\"><\/td>\n<\/tr>\n<tr>\n<td style=\"width: 100%;\"><\/td>\n<\/tr>\n<tr>\n<td style=\"width: 100%;\"><\/td>\n<\/tr>\n<tr>\n<td style=\"width: 100%;\"><\/td>\n<\/tr>\n<\/tbody>\n<\/table>\n<\/div>\n<div role=\"alert\"><\/div>\n<div role=\"alert\"><\/div>\n","protected":false},"excerpt":{"rendered":"<p>Visita del Se\u00f1or Obispo a la Parroquia San Jos\u00e9 del corregimiento de Villanueva en el mes de febrero de 2023 Visita del Se\u00f1or Obispo a la Parroquia Sagrada Familia de&hellip;<\/p>\n","protected":false},"author":1,"featured_media":0,"parent":13,"menu_order":0,"comment_status":"closed","ping_status":"closed","template":"","meta":{"footnotes":""},"class_list":["post-93","page","type-page","status-publish","hentry"],"_links":{"self":[{"href":"https:\/\/diocesiscartago.org\/index.php?rest_route=\/wp\/v2\/pages\/93","targetHints":{"allow":["GET"]}}],"collection":[{"href":"https:\/\/diocesiscartago.org\/index.php?rest_route=\/wp\/v2\/pages"}],"about":[{"href":"https:\/\/diocesiscartago.org\/index.php?rest_route=\/wp\/v2\/types\/page"}],"author":[{"embeddable":true,"href":"https:\/\/diocesiscartago.org\/index.php?rest_route=\/wp\/v2\/users\/1"}],"replies":[{"embeddable":true,"href":"https:\/\/diocesiscartago.org\/index.php?rest_route=%2Fwp%2Fv2%2Fcomments&post=93"}],"version-history":[{"count":6,"href":"https:\/\/diocesiscartago.org\/index.php?rest_route=\/wp\/v2\/pages\/93\/revisions"}],"predecessor-version":[{"id":581,"href":"https:\/\/diocesiscartago.org\/index.php?rest_route=\/wp\/v2\/pages\/93\/revisions\/581"}],"up":[{"embeddable":true,"href":"https:\/\/diocesiscartago.org\/index.php?rest_route=\/wp\/v2\/pages\/13"}],"wp:attachment":[{"href":"https:\/\/diocesiscartago.org\/index.php?rest_route=%2Fwp%2Fv2%2Fmedia&parent=93"}],"curies":[{"name":"wp","href":"https:\/\/api.w.org\/{rel}","templated":true}]}}